(s) = -s**2 + 8*s + 5. Let o(p) = 237*p - 14. Let a(q) = 158*q - 9. Let n(x) = -8*a(x) + 5*o(x). Let y be n(-1). Suppose 7*j + 2*j = y. Give v(j).
-4
Let f = 8 + -6. Let m(g) = -7*g**2 - 4*g - 638. Let w(x) = 28*x**2 + 15*x + 2392. Let d(o) = 15*m(o) + 4*w(o). Calculate d(f).
26
Let x(o) = -74*o - 5. Let g be x(2). Let m = -163 - g. Let u(k) = -k**2 - 9*k + 9. Calculate u(m).
-1
Let x(y) be the second derivative of 0 + 4/3*y**3 + 7/12*y**4 - 2*y**2 + 43*y - 1/20*y**5. Calculate x(8).
-4
Let d(i) = -2*i**3 - 9*i**2 - 7*i + 1. Suppose -75*b = 20*b + 146 + 234. Determine d(b).
13
Let u(l) = -10*l + 11 + 11 - 25*l - l**2 + 18*l - 7*l. What is u(-26)?
-30
Let q(o) = 4*o + 5. Suppose k = -2*g + 1 + 11, -3*g + 5 = -5*k. Determine q(k).
13
Suppose -24*i + 21*i + 12 = 0. Let s(r) = -7*r**2 + 7*r + 20. Let o(j) = j**2 - j - 3. Let n(p) = -6*o(p) - s(p). Determine n(i).
10
Let n = -202 + 204. Suppose -4*x - 4*o = 8, -x = -0*x + 5*o + n. Let p(v) = -v**2 - 6*v - 4. Calculate p(x).
4
Let t(w) = 2*w**2 + 15*w - 13. Let r = 754 + -762. Calculate t(r).
-5
Let x = -2560 - -2565. Let w(b) be the second derivative of -b**4/12 + b**3/6 + 7*b**2/2 - 3*b. Give w(x).
-13
Let g(d) = 4*d - 6. Let f = -302 - -288. Give g(f).
-62
Let c(w) = -20 - 7*w + 76 - 19 - 17 - 18. What is c(2)?
-12
Let m(q) = -q**2 + 30*q + 0*q**2 - 2 - 28*q + 3. Let r be -1*6 + (3 - -8 - -1). Calculate m(r).
-23
Let b be (-18)/(-3) + (-1)/1. Suppose -41 = -2*y + 2*i - 3, -y = 2*i - 22. Let s(g) = 8 + 14 - 41 - g + 8 + y. Give s(b).
4
Let a(r) be the second derivative of -r**5/20 + 3*r**4/4 - 3*r**3 + 7*r**2/2 - 689*r. Calculate a(7).
-21
Let a(f) = -69*f**3 - 69*f**3 - 7*f**2 + 199*f**3 + 3 - f - f**2 - 60*f**3. Suppose -3*t + 24 = t + 2*r, -4*r - 40 = -3*t. Determine a(t).
-5
Let c(r) = r**3 - 9*r**2 - 47*r - 39. Let n be c(-1). Let f(a) = -9*a + 1. Give f(n).
19
Let z = -50 - -52. Let h(t) = -3*t - 5 - z - 9*t + 11*t. Let q(v) = -v**3 - 5*v**2 + 8*v + 2. Let k be q(-6). Calculate h(k).
3
Suppose -6*c - 2*p = -c - 210, -c - 4*p + 24 = 0. Suppose -46*h + c*h - 206 = 0. Let u = h - -109. Let b(f) = f**3 - 7*f**2 + 6*f - 8. Give b(u).
-8
Let l = -24 + 24. Let b(g) = -2*g + 4. Let i be b(l). Suppose 1 = i*x + 25. Let s(q) = -q**3 - 5*q**2 + 7*q + 6. Give s(x).
0
Let c(a) = a + 7. Let f(s) = -40*s + 758. Let r be f(19). Give c(r).
5
Let r(b) be the third derivative of b**4/8 - 20*b**3/3 - 9*b**2 - 78*b. Calculate r(6).
-22
Let l(z) = 255*z**2 - 8*z - 10. Let p be l(-1). Let r = 255 - p. Let f(i) = 7*i + 2. Calculate f(r).
16
Let z(a) = 16*a - 37*a - 108 + 16*a - 15 + 15*a. What is z(12)?
-3
Suppose 4*w + 3*b + 192 = 0, w - 1623 = -3*b - 1689. Let g(o) = -5*o**2 - 210*o - 23. What is g(w)?
-23
Let h be 4/(-40)*(0 + 12)*-5. Suppose h*j + 74 = 50. Let p(w) = -9*w + 2. Calculate p(j).
38
Let v(o) be the first derivative of o**3/3 + 9*o**2/2 + 9*o + 709. Calculate v(-9).
9
Let a be (-41)/13 + 150/975. Let u(d) = 5*d + 21. Give u(a).
6
Suppose 0 = -5*u - 5*n + 40, -4*n - 8 = -3*u + 2. Let o(l) = l**3 - 6*l**2 + 4*l + 2. Determine o(u).
26
Let a(i) = -2*i**2 + 2. Let m(h) = h**2 + h - 1. Let d = 50 + -52. Let u(r) = d*a(r) - 3*m(r). Let v be ((-30)/(-6 - -1))/(18/9). Give u(v).
-1
Let c(p) be the first derivative of -101 - p**2 - 105 - 48*p - 15. Give c(-20).
-8
Let g(l) = -8*l - 4. Let c(x) = -3*x - 1. Let u(a) = -5*c(a) + 3*g(a). Calculate u(-4).
29
Let k(v) = -v**3 + 8*v**2 + 2*v + 8. Suppose -2*c = -o - 19, 2*c + 2*o - 27 = -17. Determine k(c).
24
Suppose -44*f + 36*f = -16. Let o(g) = 1086*g - g**f + 2*g**2 - 1094*g + 14 - 7. Calculate o(6).
-5
Let h(c) = c**2 + 18*c - 11. Let s = -30810 + 30791. What is h(s)?
8
Let l(u) = 8*u + 1. Suppose 2*b = c - 1, -2*c + c + 4*b + 3 = 0. Let m be (-10)/c - (-26)/(-13). Suppose j + 4*j + 3 = -g, -3*g = -2*j - m. Determine l(j).
-7
Let o(w) = 2*w**2 - 12*w - 8. Suppose 1080 = 119*l + 9. Give o(l).
46
Let i(b) = 2*b**2 - 118*b**3 + 131*b**3 + 4*b + 6*b - 10*b + b. Give i(-1).
-12
Let g be 15*(-5 - 102/(-9)). Let n(r) = -192*r + 98*r + g*r - 4. Give n(11).
7
Suppose 0 = 2*o - 9*o. Let t(w) = 4*w**2 + 4*w + 10. Let k(b) = -b**2 - b - 1. Let m = 1 + -2. Let p(x) = m*t(x) - 3*k(x). Calculate p(o).
-7
Let n(k) = -k**3 - 6*k**2 + 6*k + 38. Suppose -f = -0*f + 4*o - 2, 0 = 5*o - 10. What is n(f)?
2
Let n(k) = 11 - 14*k**2 - 35 + 15 + 3*k + k**3. Calculate n(14).
33
Let z(h) = -h**3 - 7*h**2 - 10*h - 25. Suppose 14 = -4*b + 2*g, 5*b - 37 = 5*g - 42. What is z(b)?
-1
Let h(p) = -87*p**2 - p + 1. Let c(v) = -291*v**2 - 5*v + 2. Let q(j) = -3*c(j) + 10*h(j). Let o(d) = -d**3 - d**2 + d - 2. Let s be o(0). What is q(s)?
6
Let a(z) be the first derivative of 3*z**4/4 + z**3 - z**2/2 - 7*z - 2451. Calculate a(0).
-7
Let c(j) = -j**2 + j. Suppose 3*k - 5*h = 40, 0 = -2*k + 3*k + h. Let l(s) be the second derivative of 2*s**3/3 + s. Let o(v) = k*c(v) - l(v). Calculate o(1).
-4
Let c be -7*(-6 - -3) + -3. Let t be ((-11)/22)/((-1)/c). Let w(r) = -1 + r + 9 - r**3 - t + 11*r**2 - 7. Determine w(11).
3
Suppose 73 = 10*c + 127 - 14. Let g(v) = v**3 + 3*v**2 - 3*v + 9. Determine g(c).
5
Suppose 867 + 663 = -60*t - 25*t. Let d(v) = v**3 + 20*v**2 + 37*v + 38. Give d(t).
20
Let w be (0 + (-315)/25)/(4/(-40)). Let b = w - 122. Let t(d) = -5*d + 4. Give t(b).
-16
Let l(j) = 288*j**2 - 4*j - 1. Let v be l(1). Let c = 276 - v. Let q(g) = -g**2 - 6*g + 8. Determine q(c).
1
Let z(r) = 3*r**3 + 10*r**2 + 38*r + 10. Let s(m) = 17*m**3 + 52*m**2 + 188*m + 50. Let j(o) = -2*s(o) + 11*z(o). Calculate j(-4).
2
Let c(m) be the third derivative of -m**6/120 + m**5/12 + m**4/4 - 3*m**3/2 - 329*m**2. What is c(6)?
-9
Let k(o) = -o**3 - 8*o**2 + 13*o - 4. Suppose 0 = -43*t + 30*t + 52. Suppose 3 - 39 = t*f. What is k(f)?
-40
Let j(u) = -120 + 77 - 9*u + 89. Calculate j(6).
-8
Let d be 4/10 + (-2778)/(-30). Let u be 2/3*1/2*d. Let k = -24 + u. Let m(l) = -l**2 + 7*l - 8. Give m(k).
-8
Let g(b) be the first derivative of b**2 - b - 3553. Let u(i) = -2*i + 8. Let j be u(-4). Suppose 0 = -5*p - j + 1. What is g(p)?
-7
Let r(p) = -p + 10. Let o(f) = -10*f + 92. Let w(m) = 4*o(m) - 37*r(m). Give w(9).
-29
Let p(v) = v**2 + 12*v + 230. Let j(x) = 3*x**2 + 36*x + 630. Let h(r) = -4*j(r) + 11*p(r). Determine h(0).
10
Suppose -2*i = -5*b + 37, -i + 6*i + 25 = -b. Let k(t) = 91*t**2 + 4*t - 16. Let d(z) = 121*z**2 + 4*z - 19. Let w(g) = -3*d(g) + 4*k(g). What is w(i)?
5
Let x = 10 + -14. Let c be -3*24/18 + x. Let l(u) = u**3 + 9*u**2 + 9*u + 6. Give l(c).
-2
Suppose d + 0*l = 2*l + 19, -4*d - 5*l = -11. Suppose 5 = -2*a - 2*m - 1, -d = -2*a + m. Let s(t) = 1 - t - 3*t**3 + 0*t**3 + 4*t**3 - t + 2*t**a. Give s(1).
2
Let m(f) = -14*f**3 + 53*f**2 + 17*f + 6. Let g(h) = 12*h**3 - 47*h**2 - 15*h - 5. Let n(z) = 9*g(z) + 8*m(z). Determine n(2).
-23
Let z = 6 - 3. Suppose -5*n = -2 - z. Let k(m) be the first derivative of -13*m**3/3 + m + 14507. Give k(n).
-12
Suppose 0*a = v + a + 2, a = 5*v - 8. Let d(q) = -18713 + q**3 + 0*q**2 + 18713 - q**2. Determine d(v).
0
Let n(k) = -8 - 4*k + 3 - 11 + k. Let s(w) = w**3 - 5*w**2 - 4*w - 23. Let x be s(6). Give n(x).
17
Let y(f) = -f**2 - 5*f + 1. Suppose -5*c = 3*n + 21, 13*c + 9 = 10*c - 3*n. What is y(c)?
-5
Let y(j) be the third derivative of j**7/840 - j**6/90 - j**5/24 + 34*j**3/3 + 8*j**2 - 2*j. Let r(o) be the first derivative of y(o). What is r(5)?
0
Let t(r) = -2*r**2 - 10*r - 20. Let n = 3412 + -3420. Calculate t(n).
-68
Let w(n) = -n**2 - 6*n + 3. Let f(b) = 0*b - b + 655 - 633. Let h be f(19). Suppose -q - z - 4 = 0, 3*z = h*q - 10 + 28. What is w(q)?
8
Let v(w) be the second derivative of w**3 + 25*w**2 + 675*w. What is v(-10)?
-10
Let s be 48/(-2)*(3/(-9) + 0). Suppose -7*x = -3*x - s. Suppose 2*p = 4, 0 = -x*q + 7*q - 2*p - 21. Let u(z) = z**2 - 4*z + 5. Determine u(q).
10
Suppose -11*c + c - 53*c = 15*c. Let s(b) be the first derivative of b**4/4 + b**3/3 - b**2/2 + b + 7. Give s(c).
1
Suppose -15*u = -19*u + 132. Let o(g) = g**3 + u*g + 29*g - 123*g + 33*g - 4*g**2 - 4 + 29*g. Determine o(5).
26
Let a = -135 + 140. Suppose 0*g = a*g. Let m(w) = w**3 - w**2 - 3. Give m(g).
-3
Let m(w) be the second derivative of -w**3/2 - w**2/2 + 11868*w. Suppose 0 = 5*t + 34 + 1. Give m(t).
20
Suppose 2*a - 3*y = -30, 15*a = 17*a + 2*y. Let w(v) = -3*v - 11. Calculate w(a